y(j) = j - 13. Let v be y(9). Let w be (-2)/2 - (v - -3). Suppose 3*k - 69 = -w*k. What are the prime factors of k?
23
Let m(h) = 18*h - 6. Let d(j) = -17*j + 6. Let i(f) = 3*d(f) + 2*m(f). Suppose -2*z = 3*z + 15. What are the prime factors of i(z)?
3, 17
Let b be (8/(-6))/(8/(-24)). Suppose -2*l - b = -14. Suppose 0 = -l*v - 0*v + 135. What are the prime factors of v?
3
Let o be (8/1)/((-24)/(-492)). Suppose -8*f + 44 = -o. What are the prime factors of f?
2, 13
Let y(r) = 2*r**2 + 6*r - 16. Let z be 1/(-2) + (-22)/4. Let q be y(z). What are the prime factors of (-12)/q + 263/5?
2, 13
What are the prime factors of ((-34500)/(-45))/(6/9)?
2, 5, 23
Let l(y) = 284*y - 446. List the prime factors of l(17).
2, 7, 313
Let d(h) = -13*h**3 - h**2 - h. Let i be d(-1). Suppose -95 = i*f - 2786. What are the prime factors of f?
3, 23
Let i be 6/(-4)*136/(-12). Suppose 4*w - 3*g + 8 = -0*w, 0 = -w - 4*g + i. List the prime factors of 36 + 1 + 2 + w.
2, 5
Suppose q + 0*q + 2*t - 110 = 0, -413 = -4*q + t. Suppose o = -o + q. List the prime factors of o.
2, 13
Suppose -3*y - 10 + 16 = 0. Suppose -y*l = 4*l - 996. Suppose 4*i + 2 - l = 0. What are the prime factors of i?
41
Let s(d) = 2*d + 1 + 6 - 2 - 3. Let x be s(1). List the prime factors of (x/(-12))/((-2)/402).
67
What are the prime factors of 4425/125 - (-6)/(-15)?
5, 7
Let v = 4535 + -3084. List the prime factors of v.
1451
Let m = 244 + 126. List the prime factors of m.
2, 5, 37
Suppose 1106*v + 167104 = 1134*v. What are the prime factors of v?
2, 373
Let g = 184 - -493. List the prime factors of g.
677
Suppose -10*a = -13*a - 18. Let t be (-2)/a*(19 - 7). Suppose -15 + 71 = 4*y + t*v, 5*y - 3*v = 62. What are the prime factors of y?
13
Suppose -5*l - 37 = -2. What are the prime factors of (-5)/35*61*l?
61
Let l be (-12)/(-5) + (-12)/30. Let d be (-3 + 2)*(-1 + l). List the prime factors of -24*((-4)/(-6))/d.
2
Let x(v) = -v**2 + 4*v - 4. Let d be x(3). Let l = d - 7. Let y(c) = -6*c + 2. What are the prime factors of y(l)?
2, 5
What are the prime factors of -4 + 84/((-3)/((-1617)/14))?
2, 5, 17, 19
Suppose -2*u + 287 + 353 = q, -325 = -u - 3*q. List the prime factors of u.
11, 29
Let l = 4 + 2. Suppose l*v + 146 - 614 = 0. What are the prime factors of v?
2, 3, 13
Let t(h) = 4*h**2 + 2*h - 1. Suppose -7*b = -6*b + 4. Let l be t(b). Let s = l + -35. List the prime factors of s.
2, 5
Suppose 0 = -3*a + 3 + 6. Suppose -a*j + j = -90. List the prime factors of j.
3, 5
Let x be (6/2)/(-3 + 4). Suppose -4*k - 4*z = -36, 5*k - x*z - 30 = -5*z. What are the prime factors of k*3/(-6)*-22?
2, 11
Let v(a) = a**2 - 5*a + 6. Let k be v(1). Suppose 146 = k*f + 5*m - m, -219 = -3*f - 2*m. List the prime factors of f.
73
Let x(j) = 6*j + 4. Let s be x(5). Let m = 130 + -78. Let h = m - s. List the prime factors of h.
2, 3
What are the prime factors of 680*3*((-16)/(-3) + -5)?
2, 5, 17
List the prime factors of 873/(-97) - 3*-19.
2, 3
Suppose -4*v + 7 + 9 = 0. Suppose -4*k + 100 = v*m + m, 0 = -5*m - 20. List the prime factors of k.
2, 3, 5
Let l be (0 - 2) + -6 + -1. Let i = l + 17. Let g(q) = q**2 - 4*q - 10. List the prime factors of g(i).
2, 11
Let m = -11 - -16. Suppose 2*b = m*b. List the prime factors of ((b - 12)*1)/(-1).
2, 3
Let d = -1947 + 3584. What are the prime factors of d?
1637
Suppose 0*r - 2*r = l - 8, 4*l - 18 = -r. Let q = 3 + r. Suppose q*y - 2*a = 104, 9*a = 2*y + 4*a - 50. What are the prime factors of y?
2, 5
Let a(c) = c**3 + 7*c**2 + 9*c + 1. Let g be a(-4). Suppose 3*d - 288 = -0*d. Suppose 9*f + d = g*f. What are the prime factors of f?
2, 3
Let c(i) = 33*i + 3. Let g be c(-14). Let f = -203 - g. What are the prime factors of f?
2
Let d(x) = -x**3 + 15*x**2 - 16*x - 48. List the prime factors of d(12).
2, 3
Let k = 2662 - 1604. What are the prime factors of k?
2, 23
Let l(j) = 18*j - 180. What are the prime factors of l(19)?
2, 3
What are the prime factors of -7 - 2 - 3*-320?
3, 317
Let q(i) = -i**3 + 4*i**2 - 3*i - 1. Let g be q(3). Let z(o) be the second derivative of -16*o**3/3 - o**2 - o - 1. List the prime factors of z(g).
2, 3, 5
Suppose -3*f = l - 1396, 4*l + 34*f = 30*f + 5592. List the prime factors of l.
1399
Suppose -5*t = 5*x - 1520, -x = -3*t + 4*x + 944. List the prime factors of t.
2, 7, 11
Suppose 0 = -p - b + 6, 3*p - 4*b + 16 - 55 = 0. Let o = -41 - -57. Let y = o - p. List the prime factors of y.
7
List the prime factors of 2*(-58)/(-10)*(-50)/(-5).
2, 29
Let o(t) = 2*t**2 - 6*t - 4. Suppose 3*y + y = -5*p + 40, -2*p - 12 = -4*y. Let d be o(y). Suppose -136 = d*v - 20*v. List the prime factors of v.
2, 17
Let f = 526 + -331. Let u = 317 - f. List the prime factors of (-9)/21 + u/7.
17
Let f be (-6)/21 + (-60)/(-14). Let i be -1 + 0 + -1 + 5. Suppose f*o = -4*d + 92, 2*o - i*d - 7 = o. What are the prime factors of o?
19
What are the prime factors of 14/77 + 24117/33 + -2?
3
Suppose 0 = -2*t + 3*h + 52, -2*h - 50 = -2*t - 0*t. Suppose 4*m + t - 7 = 0. Let v = m + 29. List the prime factors of v.
5
Suppose -x = -20 + 4. List the prime factors of x.
2
Let z(l) be the third derivative of -l**4/24 + 4*l**3 + 3*l**2. Let j(h) = h**3 - 2*h**2 + 2*h - 1. Let a be j(1). List the prime factors of z(a).
2, 3
What are the prime factors of 147/(-1)*2*511/(-42)?
7, 73
Let v(f) be the second derivative of f**4/12 - 5*f**3/6 + 5*f**2/2 - 6*f. List the prime factors of v(11).
71
Suppose 5*q - 649 = -2*w, 0 = q - 10*w + 5*w - 119. Suppose 3*c = 3*o + q, -c + o = -2*c + 49. List the prime factors of c.
2, 23
Let j = 3705 + -1860. List the prime factors of j.
3, 5, 41
Let k be (-68 + 4)/(-2*(5 - 4)). Suppose 5*w - 32 = 4*w. Suppose -w - k = -z. What are the prime factors of z?
2
Let n = -9 + 23. Let a = n + -14. Suppose a = g + 2*g - 57. What are the prime factors of g?
19
Suppose 3*i - 19 = 26. Suppose -o + i - 14 = 0. List the prime factors of o/(3/(87 - -3)).
2, 3, 5
Let f(m) = 72*m**3 - 5*m**2 + 10*m + 1. What are the prime factors of f(3)?
2, 5, 193
What are the prime factors of 7/(35/(-2)) - 17860/(-25)?
2, 3, 7, 17
Let u = -1 + 1. Let m(f) = 6*f - 25. Let a be m(6). Suppose u*w - a = -w. List the prime factors of w.
11
Let q(f) = -f**2 - 12*f - 6. Suppose 2*m - i - 50 = 0, -5*m + 2*i + i = -127. Let n = -34 + m. What are the prime factors of q(n)?
5
Suppose -5*m = -84 + 14. Let t be (12/(-42))/((-2)/m). Suppose t*g - 195 = -3*g. What are the prime factors of g?
3, 13
Suppose -3*y = -q + 3*q, 2*y = -3*q. List the prime factors of (2 + q - 2) + 14.
2, 7
Let q(p) = -p**3 + 2*p**2 + 4*p + 1. Let l be q(3). Suppose 50 = l*n - 2. What are the prime factors of n?
13
Let v(a) = -2*a + 30. Let g(r) = r - 29. Let y(i) = 4*g(i) + 3*v(i). What are the prime factors of y(-16)?
2, 3
Let c = -8 + 104. Let l be (4 - 1675/(-30)) + (-1)/(-6). Let y = c - l. List the prime factors of y.
2, 3
Let w = 1 + 5. Suppose w*i = 5*i + 3. Let a = 38 - i. List the prime factors of a.
5, 7
Suppose 2*u = 4*u - 6. Suppose 6*y - 9 = u*y. Suppose 4*b - 5*j - 69 = 0, 0*b - 2*j + 23 = y*b. List the prime factors of b.
11
Let o(x) = 72*x - 599. What are the prime factors of o(34)?
43
Let t = 11733 - 8288. List the prime factors of t.
5, 13, 53
List the prime factors of (-1 - 19914/3)*(-2)/6.
2213
Suppose 0*m + m = -r - 62, 0 = 5*m - 25. Suppose -81*z + 82*z = -105. Let h = r - z. What are the prime factors of h?
2, 19
Let f be (-3 + 5)*(-6)/4. List the prime factors of (f/(-3))/1 + 4.
5
Let s(t) = -8*t - 8. Let c be s(6). Suppose 48 = 7*o - 3*o. List the prime factors of (-6)/o*(c + 2).
3
Let f(t) = 25*t + 196. List the prime factors of f(36).
2, 137
Let q(f) = -f**3 - 3*f**2 - 4*f - 2. Let t be q(-2). Let c be (7/(-2)*t)/(-1). Let w(h) = 2*h + 7. List the prime factors of w(c).
3, 7
Let p = 2 + 9. Let w = p + -5. Suppose 0 = 5*m - w*m + 15. List the prime factors of m.
3, 5
Let n(u) = -208*u - 331. List the prime factors of n(-8).
31, 43
Suppose -11*y + 9*y + 5*d = -2582, 4 = -d. List the prime factors of y.
3, 7, 61
Let z = 153 + -81. List the prime factors of z.
2, 3
Suppose -5*q = -2*y - 13, -q + 4*y + 5 = 2*q. Let a be 15/10*(-16)/q. Let b(r) = -r**2 - 14*r + 19. What are the prime factors of b(a)?
67
Suppose 0 = -5*z - b + 11207, -33*b = 4*z - 35*b - 8974. What are the prime factors of z?
2, 19, 59
Let k be